alse
Does 16 divide 734?
False
Does 41 divide 28279?
False
Is 2927 a multiple of 65?
False
Is 69 a multiple of 23?
True
Is 1204 a multiple of 20?
False
Does 69 divide 690?
True
Is 31670 a multiple of 24?
False
Does 221 divide 15249?
True
Is 92 a factor of 6532?
True
Does 7 divide 363?
False
Is 13 a factor of 310?
False
Is 34 a factor of 46478?
True
Does 12 divide 40?
False
Does 2 divide 100?
True
Is 1131 a multiple of 87?
True
Is 4 a factor of 96?
True
Is 29988 a multiple of 238?
True
Does 11 divide 6963?
True
Is 484 a multiple of 71?
False
Does 26 divide 1300?
True
Is 24000 a multiple of 160?
True
Is 94 a factor of 5777?
False
Does 6 divide 3739?
False
Is 16 a factor of 928?
True
Is 1919 a multiple of 12?
False
Does 11 divide 18964?
True
Is 5 a factor of 156?
False
Is 909 a multiple of 67?
False
Does 55 divide 4363?
False
Is 25971 a multiple of 11?
True
Is 67 a factor of 14487?
False
Is 45 a factor of 27630?
True
Does 7 divide 1247?
False
Does 53 divide 20626?
False
Is 15 a factor of 1770?
True
Is 108 a multiple of 27?
True
Is 38 a factor of 11590?
True
Is 168 a factor of 95143?
False
Does 28 divide 1344?
True
Does 85 divide 60349?
False
Is 6051 a multiple of 99?
False
Does 50 divide 11000?
True
Is 4 a factor of 203?
False
Is 46 a factor of 11500?
True
Does 16 divide 11904?
True
Does 29 divide 39?
False
Is 16 a factor of 5567?
False
Is 98 a multiple of 6?
False
Does 11 divide 119?
False
Does 6 divide 88?
False
Is 7536 a multiple of 16?
True
Is 433 a multiple of 2?
False
Is 373 a multiple of 5?
False
Does 64 divide 62919?
False
Is 44 a factor of 88?
True
Does 17 divide 1428?
True
Is 21 a factor of 2854?
False
Does 204 divide 25500?
True
Is 31 a factor of 17519?
False
Does 64 divide 134?
False
Does 220 divide 17820?
True
Is 18 a factor of 691?
False
Does 21 divide 987?
True
Is 5655 a multiple of 195?
True
Is 24148 a multiple of 63?
False
Does 13 divide 11687?
True
Is 31 a factor of 9889?
True
Is 35724 a multiple of 78?
True
Is 6 a factor of 2190?
True
Does 15 divide 135?
True
Is 23 a factor of 1794?
True
Is 584 a multiple of 7?
False
Does 40 divide 8440?
True
Is 50 a factor of 400?
True
Is 6 a factor of 313?
False
Does 101 divide 3636?
True
Is 1872 a multiple of 78?
True
Does 12 divide 16625?
False
Is 6 a factor of 6192?
True
Is 192 a multiple of 24?
True
Does 31 divide 34150?
False
Is 4788 a multiple of 5?
False
Does 15 divide 3816?
False
Is 18113 a multiple of 169?
False
Is 51 a multiple of 9?
False
Is 228 a multiple of 6?
True
Is 33 a factor of 5115?
True
Is 23 a factor of 1633?
True
Does 43 divide 301?
True
Is 2 a factor of 232?
True
Is 191 a factor of 12443?
False
Is 17 a factor of 150?
False
Is 294 a factor of 64386?
True
Is 7112 a multiple of 15?
False
Is 80308 a multiple of 68?
True
Is 75 a factor of 1050?
True
Is 160 a factor of 32746?
False
Does 37 divide 33513?
False
Does 9 divide 281?
False
Does 115 divide 4485?
True
Is 577 a multiple of 43?
False
Does 5 divide 11772?
False
Is 16681 a multiple of 7?
True
Is 680 a multiple of 20?
True
Is 3755 a multiple of 14?
False
Does 11 divide 45445?
False
Is 176 a multiple of 3?
False
Does 16 divide 807?
False
Is 691 a multiple of 62?
False
Is 9 a factor of 81?
True
Is 13 a factor of 565?
False
Is 5071 a multiple of 25?
False
Is 33 a factor of 6039?
True
Does 70 divide 33946?
False
Is 6825 a multiple of 65?
True
Is 1152 a multiple of 51?
False
Does 30 divide 34020?
True
Does 6 divide 7890?
True
Does 21 divide 8397?
False
Is 6534 a multiple of 121?
True
Is 10498 a multiple of 58?
True
Is 10946 a multiple of 8?
False
Is 18 a factor of 12750?
False
Is 507 a multiple of 39?
True
Is 112 a factor of 12295?
False
Is 2244 a multiple of 12?
True
Is 327 a factor of 23217?
True
Does 16 divide 92?
False
Is 20 a factor of 7100?
True
Does 2 divide 6612?
True
Is 89579 a multiple of 191?
True
Is 669 a multiple of 12?
False
Does 5 divide 995?
True
Is 14472 a multiple of 108?
True
Is 4 a factor of 3704?
True
Is 8798 a multiple of 174?
False
Is 6624 a multiple of 8?
True
Does 19 divide 6384?
True
Is 32476 a multiple of 92?
True
Does 6 divide 183?
False
Is 16 a factor of 1424?
True
Is 13 a factor of 24661?
True
Does 51 divide 6970?
False
Does 15 divide 5670?
True
Is 317 a factor of 39308?
True
Is 1422 a multiple of 18?
True
Is 77 a factor of 1500?
False
Is 78 a factor of 3042?
True
Is 95 a multiple of 3?
False
Is 9 a factor of 3307?
False
Is 12 a factor of 1860?
True
Does 56 divide 30061?
False
Does 19 divide 6099?
True
Does 10 divide 7660?
True
Is 46534 a multiple of 5?
False
Is 16 a factor of 180?
False
Does 9 divide 1278?
True
Does 137 divide 21372?
True
Does 34 divide 5709?
False
Does 5 divide 82?
False
Is 16301 a multiple of 145?
False
Does 195 divide 7605?
True
Is 9958 a multiple of 26?
True
Is 23 a factor of 744?
False
Does 18 divide 527?
False
Is 11904 a multiple of 30?
False
Does 124 divide 55552?
True
Does 9 divide 1503?
True
Is 32 a factor of 800?
True
Does 15 divide 181?
False
Does 103 divide 480?
False
Is 25 a factor of 5908?
False
Is 1367 a multiple of 72?
False
Is 109 a multiple of 7?
False
Is 237 a multiple of 40?
False
Is 1584 a multiple of 16?
True
Does 17 divide 1028?
False
Is 79 a factor of 470?
False
Is 3684 a multiple of 75?
False
Does 433 divide 11691?
True
Is 57 a factor of 55662?
False
Is 23 a factor of 38?
False
Does 34 divide 1152?
False
Is 9256 a multiple of 178?
True
Does 4 divide 2050?
False
Does 12 divide 1188?
True
Does 36 divide 66172?
False
Is 15780 a multiple of 206?
False
Is 157 a factor of 8108?
False
Is 2356 a multiple of 31?
True
Is 10534 a multiple of 17?
False
Does 10 divide 260?
True
Is 5 a factor of 1771?
False
Is 461 a multiple of 14?
False
Is 17 a factor of 2094?
False
Is 31 a factor of 3069?
True
Is 435 a multiple of 18?
False
Is 496 a multiple of 62?
True
Is 15 a factor of 5835?
True
Is 29 a factor of 203?
True
Is 5 a factor of 14044?
False
Is 9889 a multiple of 21?
False
Is 3465 a multiple of 63?
True
Is 15742 a multiple of 13?
False
Is 33 a factor of 660?
True
Is 2646 a multiple of 63?
True
Does 17 divide 21088?
False
Is 9502 a multiple of 7?
False
Is 19 a factor of 730?
False
Is 55 a factor of 11495?
True
Does 16 divide 1950?
False
Is 5487 a multiple of 35?
False
Is 6377 a multiple of 53?
False
Does 21 divide 3235?
False
Does 11 divide 8642?
False
Does 47 divide 238?
False
Is 192 a multiple of 8?
True
Is 93704 a multiple of 34?
True
Does 25 divide 15037?
False
Does 81 divide 13234?
False
Does 36 divide 288?
True
Is 744 a multiple of 31?
True
Is 22 a factor of 3645?
False
Is 222 a multiple of 6?
True
Does 15 divide 12104?
False
Is 596 a multiple of 11?
False
Is 934 a multiple of 5?
False
Is 7561 a multiple of 27?
False
Is 2502 a multiple of 18?
True
Is 4883 a multiple of 78?
False
Is 8 a factor of 7601?
False
Is 11 a factor of 874?
False
Is 24 a factor of 14016?
True
Does 60 divide 780?
True
Does 80 divide 6640?
True
Does 4 divide 3462?
False
Is 1949 a multiple of 103?
False
Does 36 divide 684?
True
Is 171 a factor of 45412?
False
Is 24 a factor of 250?
False
Is 16 a factor of 656?
True
Is 52 a factor of 4420?
True
Is 2421 a multiple of 24?
False
Does 14 divide 224?
True
Is 80 a factor of 3280?
True
Does 269 divide 57566?
True
Does 17 divide 554?
False
Does 82 divide 1304?
False
Does 23 divide 345?
True
Is 3656 a multiple of 53?
False
Is 116603 a multiple of 135?
False
Is 287 a multiple of 31?
False
Does 6 divide 330?
True
Is 1386 a multiple of 22?
True
Is 62 a factor of 10912?
True
Is 12977 a multiple of 22?
False
Is 2 a factor of 1635?
False
Is 87 a factor of 3045?
True
Is 7245 a multiple of 9?
True
Does 15 divide 30600?
True
Is 91647 a multiple of 153?
True
Is 20823 a multiple of 11?
True
Is 58 a factor of 2146?
True
Is 2952 a multiple of 12?
True
Is 33396 a multiple of 34?
False
Is 9 a factor of 532?
False
Does 74 divide 123?
False
Does 9 divide 508?
False
Does 3 divide 2015?
False
Is 393 a factor of 102029?
False
Is 8 a factor of 2464?
True
Does 162 divide 12474?
True
Is 3 a factor of 2875?
False
Is 98 a factor of 2005?
False
Is 2958 a multiple of 22?
False
Is 17 a factor of 6421?
False
Does 58 divide 464?
True
Is 4 a factor of 79?
False
Is 84 a multiple of 21?
True
Is 948 a multiple of 82?
False
Does 13 divide 260?
True
Is 8518 a multiple of 60?
False
Is 8